 d**3 + 6*d**2 + 5*d - 4. Determine k(g).
8
Let f(t) = -t**2 + t + 22. Let k be f(-4). Let a(y) = 5*y + 1 + 20*y**3 - 7 + 8*y**k - 19*y**3. What is a(-7)?
8
Let k(a) = a**3 + 2*a**2 - 5*a + 1. Let f(p) = -9*p**3 - 9*p**2 + 39*p - 21. Let t(q) = -f(q) - 8*k(q). Calculate t(7).
20
Let y(k) be the second derivative of 0 + 1/20*k**5 - 1/2*k**2 - 1/6*k**3 - 12*k + 1/3*k**4. Let v be 0*1/4 + -4. Give y(v).
3
Let a(b) be the third derivative of -1/8*b**4 + 0*b + 2*b**2 - 2/3*b**3 + 0. Let m be ((-10)/(-3) - 2)/((-132)/297). Determine a(m).
5
Let y(f) be the third derivative of -f**8/6720 - f**7/504 + f**6/720 + f**5/60 + 13*f**4/12 + 91*f**2. Let t(z) be the second derivative of y(z). Give t(-4).
-18
Let c(a) = -20050 - 2*a**2 - 20050 + 40098 - a. What is c(-4)?
-30
Let q(f) = f**2 + 36*f + 99. Let n be q(-33). Suppose n = -9*v + 11*v. Let s(m) = m**3 + m**2 + m + 3. Determine s(v).
3
Let p(h) be the first derivative of -h**2 - 6*h - 74. Let x = 117 + -124. Determine p(x).
8
Let b(f) = -3*f**2 - 2*f**2 + 4*f**2 + 20 + 56 + 4. What is b(-9)?
-1
Let q(h) = -h**2 - 28*h + 172. Suppose -840 = 153*s - 1605. What is q(s)?
7
Let o(a) = -a + 7. Suppose -2*h + 9 = h + 4*l, -l = -h + 3. Let d = -86 - -82. Let b be 1 + ((-10)/d)/(h/6). Give o(b).
1
Let s = 163 - 163. Let f be (86 + -83)*(s + -1 - 0). Let t(l) = l**3 + l**2 + 4. Determine t(f).
-14
Suppose 7 = -13*r + 46. Suppose -r*d = 3*m + 114, -d + 61 = -4*m - 116. Let b = m + 44. Let o(v) = 2*v**2 + 1. Give o(b).
3
Let b(k) = 2*k**3 - 658 - 5*k + 662 - 8*k - 25*k**2. Give b(13).
4
Let r(n) = -2*n**2 - 6*n. Let w(l) = -l**2 - 8*l + 14. Let f be w(-13). Let m = f - -47. Let h be 14/m - 15/10. Determine r(h).
-20
Suppose 4*a = -13*a - 255. Let x(h) be the first derivative of -h**3/3 - 7*h**2 + 10*h + 3. Calculate x(a).
-5
Let c be ((-35)/(-28))/((-3)/(-12)). Let s = c + 1. Suppose -s*i - 3 = -27. Let p(n) = -n**3 + 2*n**2 + 4*n + 4. Determine p(i).
-12
Let v(h) = -1 + 1 - 1 - h + 32*h**2. Let g = -16547 + 16546. Determine v(g).
32
Suppose 4*m + 82 = 5*v, 19 = -4*m - 4*v - 45. Let u = 17 + m. Let b(a) be the second derivative of -3*a**5/20 - a**2/2 - 2*a. What is b(u)?
2
Let z(k) = -2*k**3 - 2*k**2 + 2*k - 1. Let p = 27 + -23. Let j = -2 + p. Let n be (j + 1)*1/3. Give z(n).
-3
Let f(x) = -58*x - 1588. Let n(d) = 9*d + 248. Let r(q) = -5*f(q) - 32*n(q). Let o = -16 + 8. Determine r(o).
-12
Suppose x = 2*w + 13 - 3, 4*x = 3*w + 10. Let q be (-18)/36*(-4)/w*-24. Let t(v) = -3*v + v**3 + 2*v - 9*v**2 + 8*v + 6. Give t(q).
-2
Let g be 1890/(-170) + (106/34 - 3). Let k(a) = -a**2 - 8*a + 32. Let u be k(g). Let d(t) = -13*t**3 - 2*t - 1. Determine d(u).
14
Let g(o) = 10*o + 3*o + 14 - 5*o. Let l(r) = 5*r + 15. Let x(m) = 2*g(m) - 3*l(m). Give x(0).
-17
Let x = -37125 + 74263/2. Let u(c) be the first derivative of -9*c + 8 - x*c**2 - 1/3*c**3. Determine u(-12).
3
Let c(b) = b**3 - 16*b**2 - 20*b + 53. Suppose -1 = -z - 4*n, 118*n - 123*n = 2*z - 14. Determine c(z).
2
Suppose -c = 2*a + 2*a + 7, 5*c = -5*a - 20. Let y(h) = 20*h**2 + 15*h - 635. Let p(o) = -11*o**2 - 8*o + 347. Let w(r) = 11*p(r) + 6*y(r). Give w(c).
-8
Suppose -12*d - 3107 = -10811. Let q(m) = 12*m**3 - d*m - m**2 + 642*m. Give q(1).
11
Let x = 3210 - 6413/2. Let g(n) be the second derivative of -1/3*n**3 + 0 - x*n**2 - 7/12*n**4 + 19*n - 1/20*n**5. Give g(-7).
7
Let k(z) = 8. Let v(c) = -9*c + 70. Let w(j) = -2*k(j) + v(j). What is w(5)?
9
Let w(i) be the first derivative of -8*i**2 + 3*i + 18 - 1/3*i**3. Give w(-16).
3
Let y(h) = -h**2 + 11 + 53587*h - 107330*h + 53727*h. Let z be 1/1*(-18 - -1). Determine y(z).
-6
Let m(r) = -6 + 3 - 6*r + 2 - 4. Let y(o) = 2. Let g(j) = m(j) + 3*y(j). What is g(-1)?
7
Let x(t) = -16*t + 73. Let o(i) = -7*i + 34. Let g(l) = -13*o(l) + 6*x(l). What is g(9)?
-49
Let q(r) = 2*r - 3*r - 98990*r**2 + 98991*r**2 + 8. Give q(4).
20
Let x(q) be the first derivative of 1/2*q**2 - 58 + 4*q. Suppose 0 = 4*n + 5*p - 25, 4*n - 2*p + 2 + 8 = 0. What is x(n)?
4
Let v(j) = -j**2 - 20*j + 126. Suppose -13 = q - 87*b + 85*b, -3*b = -3*q - 57. What is v(q)?
1
Suppose 5*l - 62 = 3*m, -75*m + 72*m = 5*l - 68. Let y(r) = -r**3 + 14*r**2 - 11*r - 19. Give y(l).
7
Suppose -5*l = -5*c - 20, -10 + 0 = -2*l + 4*c. Let i(u) = u**3 - 2*u**2 - u + 4. Let f(r) = r**3 - 4*r**2 - r + 5. Let m(s) = l*i(s) - 2*f(s). What is m(-3)?
-4
Let o(y) be the third derivative of -2*y**4/3 - y**3/6 - 6208*y**2. Let d(n) = -n - 9. Let l be d(-5). Let s(j) = -j - 5. Let z be s(l). Give o(z).
15
Let q(i) be the third derivative of i**8/6720 + i**7/2520 - i**5/60 - 139*i**4/24 - 2*i**2 + 6. Let z(k) be the second derivative of q(k). Determine z(0).
-2
Let y(v) = v**3 + 7 + 3*v**2 - 6*v + 0*v**3 + 3*v**2. Let n = -22286 - -22279. Give y(n).
0
Let r(k) = -10*k**3 - 25*k - 10*k**2 + 0 + 3 + 2 + 9*k**3 - 10. Determine r(-4).
-1
Let u(c) be the second derivative of c**4/12 + 2*c**3/3 + 3*c**2 - 3*c + 1073. Determine u(0).
6
Let b(n) be the first derivative of -4*n**3/3 + 9*n + 5252. Give b(-2).
-7
Let z(p) be the first derivative of -p + 1/3*p**3 - 5/2*p**2 - 111. Calculate z(5).
-1
Let w(d) = d - 2. Suppose 280 + 80 = -12*v. Let f be -5*(204/v - -8). Calculate w(f).
-8
Let c(b) = 78 - 3*b - 139 + 0*b + 65 - 3*b**2. Calculate c(-3).
-14
Let b = 10 - 2. Let g(k) = -5*k**3 + 20*k**2 + 10*k. Let p(z) = -4*z**3 + 17*z**2 + 8*z - 3. Let c(f) = -3*g(f) + 4*p(f). Calculate c(b).
4
Let x = 9 - 7. Let d(h) = 7225*h**3 + h**x - 7226*h**3 + h + 12 + 0*h. Calculate d(0).
12
Let w(b) = 10*b + 4. Let t = 11356 - 11351. Calculate w(t).
54
Let y(a) = -a**2 - 12*a - 8. Let v(b) = -29*b - 6. Let f be v(-4). Let w be f*16/12*(-15)/(-8). Let d be -2*(-4)/10*w/(-20). Calculate y(d).
3
Let s be (-3 + 3)/((-3)/(-1)). Let m(n) = -105*n**2 + 224*n**2 - 118*n**2 - n. What is m(s)?
0
Let m = 2940 + -2943. Let u(t) = -3*t**3 - 5*t**2 - 3*t + 4. Determine u(m).
49
Let c(a) be the third derivative of 19*a**4/24 - 11*a**3 + 1259*a**2. Give c(3).
-9
Suppose 4*o - 8 = 0, 3*h + 2*o - 17 = -2*o. Suppose 12 = -4*v - 4*m, 4*v + h*m - m = -4. Let d(y) = 200 + 5*y**2 - 199 + 0*y - y. Calculate d(v).
5
Let o(h) be the first derivative of -2*h**2 - 9*h + 1358. Determine o(-1).
-5
Let r(u) be the second derivative of u**3/3 + u**2/2 + 5*u. Let s(g) = -g**2 + 73*g - 212. Let l be s(70). Determine r(l).
-3
Let i(w) = -16*w**2 - 6*w - 3. Let j(l) = l**2 + l + 1. Let q(z) = -i(z) - 4*j(z). Let d(a) = -a**3 + 281*a**2 - 1918*a + 1. Let p be d(7). Give q(p).
13
Let y(g) = -1979*g**2 + 11 + 996*g**2 + 986*g**2 + 9*g. Calculate y(0).
11
Let d(s) = 2*s + 2. Suppose 5*g = -3*q + 35, 0 = 4*q + 2*g + g - 32. Suppose -82 = -q*z - 52. Suppose 5 = -z*t - 7. Determine d(t).
-2
Let r(d) = d + 7. Let q = -232 - -259. Let w be ((-117)/q)/(1/3). Give r(w).
-6
Let m(x) = x**2 - 5*x + 2. Let h = -316 - -245. Let z = h + 75. What is m(z)?
-2
Let n(k) be the third derivative of -k**5/60 - k**4/2 - 7*k**3/3 + 6*k**2 + 57*k - 4. Suppose 2*s + 8 + 12 = 0. What is n(s)?
6
Let i(z) be the second derivative of z**4/12 - z**3/2 - 3*z**2/2 + 13*z. Let s(n) = n**3 - 6*n**2 + n + 18. Let b be s(5). Calculate i(b).
7
Let i be -1 - (2 - (-18)/(-6)). Let x(d) = d**2 + 5*d - 4. Give x(i).
-4
Let f = -138 - -37. Let z = -62 - f. Let n = -37 + z. Let t(p) = 3*p - 2. Calculate t(n).
4
Let l(m) be the first derivative of -9*m**2 - 19*m - 2673. Give l(-1).
-1
Let k = 0 + 5. Let n(o) = -o - 3*o + k + 5*o. Suppose 5*y - 153 = -153. Give n(y).
5
Let v(b) be the second derivative of -b**4/12 + b**3/3 + 6*b**2 - 602*b - 4. Determine v(5).
-3
Let w(o) = -1197 - o - 1092 + 2286. Suppose -50 = 5*l + 2*u + 3*u, -3*l + 4*u + 5 = 0. Determine w(l).
2
Let n(i) = i**3 + 12*i**2 + 10*i - 7. Let q(c) = -c + 1. Let j(f) = -23*f + 126. Let a(t) = j(t) - 4*q(t). Let g be a(7). What is n(g)?
4
Let m(j) = 2*j**2 - 248*j + 88. Let l(w) = w**2 - 110*w + 44. Let k(u) = 9*l(u) - 4*m(u). Calculate k(0).
44
Let w be -1*2*(-4)/8*(214 + -147). Let x(u) = -u**2 + 73*u - 403. Calculate x(w).
-1
Let h = -219 + 221. Let p(z) = z + 8*z**2 - h*z**3 - 2*z**2 - 9*z**2. Give p(2).
-26
Let a(c) = -24*c + 15. Let q be (-5 + 1)*(3 + -1 - 1). Let b be a(q). Let n = 116 - b. Let t(o) = 3*o - 7. Calculate t(n).
8
Let u be 3*3*2/6. Let b be u + 2 + 0 + -2 + 0. Let j(q) = 2*q**2 + 2*q - 2 - b